 234 + m. What is the tens digit of q?
1
Suppose 3*f = -4*k + 1815 + 2412, 0 = 5*k - f - 5260. What is the tens digit of k?
5
Let y be -3 - -254*4/(-8). Let b = 181 + y. What is the units digit of b?
1
Suppose -2*n + 2626 = -3*h - 2*h, -2*n = -6. Let j = -302 - h. What is the hundreds digit of j?
2
Let t be 2/(-13) + 335/65. Suppose -313 + 3784 = 13*i. Suppose t*u - 478 = i. What is the tens digit of u?
4
Let g = 51 + -156. Let f = -105 - g. Suppose 0 = 4*c + 4*t - 320, f = -5*c - t + 3*t + 365. What is the tens digit of c?
7
What is the ten thousands digit of 238/(-833) + 1*768228/21?
3
Suppose -4*y - 2*d + 18686 = -21670, y - 10079 = 2*d. What is the units digit of y?
7
Let c = -27351 - -38691. Suppose -7*g + 22*g - c = 0. Suppose -8*n = 4*n - g. What is the tens digit of n?
6
Let u = 13597 - 7253. What is the hundreds digit of u?
3
Let w = -47 + 51. Suppose w*t - 1 = 15. What is the tens digit of t + (-84)/(-2) + 3?
4
Suppose 4*p + 78 - 384 = -h, 0 = -5*h - 3*p + 1581. Let i = h - -171. What is the hundreds digit of i?
4
Let a(n) be the third derivative of 3*n**4/8 + 29*n**3/3 - 11*n**2. Suppose -5*t + 5 = -2*w - 34, -3*w = -2*t + 20. What is the hundreds digit of a(t)?
1
Suppose -208 = -5*f - 83. Suppose 2*r = 27 + f. What is the tens digit of r?
2
Let i be (3 + -4 + -14)*(-80)/6. Let r = i + 24. What is the tens digit of r?
2
Let q be 8/4 + 2 + 25. Let s = 2 + q. What is the tens digit of 230/2 - (30 - s)?
1
Suppose 6*r + 2*d = r + 383, -95 = -r - 5*d. Let j(k) = k + 7. Let x be j(-5). Suppose -231 + r = -x*n. What is the tens digit of n?
7
Suppose 29*u - 5*u - 2424 = 0. Suppose -27*z + 7 + u = 0. What is the units digit of z?
4
Let b = 14456 - 1543. What is the hundreds digit of b?
9
Let u(q) = 142*q**2 + 71*q + 634. What is the ten thousands digit of u(-9)?
1
Suppose -1787028 = -177*l - 97*l. What is the hundreds digit of l?
5
Let l(f) = 32 - 3 - 3*f + 0. Let o be l(-9). Let p = o + -5. What is the tens digit of p?
5
What is the hundreds digit of 189/27 + (2120 + 4 - -2)?
1
Suppose -563388 = -5*x - 43*x + 20*x. What is the hundreds digit of x?
1
Let s(j) = 2*j - 2. Let f be s(6). Let d be (f - 6) + 1*-2. Suppose -21 = -t + 4*x, 3 + 3 = d*x. What is the units digit of t?
3
Let a(y) = -36*y**3 + 3*y + 2. Let f be a(-1). Suppose -9*b + 1 = -f. Suppose -b*l = 283 - 1455. What is the units digit of l?
3
Let s(f) = -f**3 - 10*f**2 + 27*f - 28. Let a(m) = 2*m**2 + 12*m - 15. Let w be a(-6). What is the tens digit of s(w)?
9
Let u(g) = -3*g + 24. Let i(x) = 3*x**2 + 13*x - 4. Let p be i(-5). Let j be u(p). Let z(o) = 18*o - 25. What is the units digit of z(j)?
3
Let z be -4 + (-9)/15 + (-168)/(-30). What is the tens digit of (-44 - -5)*-1*(z + 11)?
6
Suppose 4*u - 456*v + 460*v - 7448 = 0, 2*u - 3*v - 3719 = 0. What is the tens digit of u?
6
Let q = 20641 + -7706. What is the units digit of q?
5
Suppose 38*p + 32 = 40*p. Let n(s) = s**3 - 16*s**2 + 4*s - 2. Let a be n(p). Let j = -33 + a. What is the tens digit of j?
2
Let x(b) = -b**3 + 9*b**2 + 5*b + 7. Suppose 5*y - 5*n = -15, -4*y + 0*n = -n + 6. Let o be y/6 + 98/12. What is the units digit of x(o)?
1
Let d(j) be the second derivative of -23*j**3/6 - 77*j**2/2 + 104*j. What is the units digit of d(-16)?
1
What is the hundreds digit of 6*1*(((-935295)/6)/(-23) - 10)?
6
Let n(i) = i**3 + 6*i**2 + 6*i + 7. Let p be n(-5). Suppose -3*k - 197 = 4*u, -p*k + 88 = -2*u - 0*u. What is the units digit of (1 - u) + 1 + 3?
2
Suppose -588 + 2292 = -8*d. Let k(h) = -17*h**3 + 2*h - 1. Let i be k(2). Let a = i - d. What is the tens digit of a?
8
Let r = 35790 + 8131. What is the thousands digit of r?
3
Suppose 1258 = 4*c - 5*c. Let l be c/(-5) + (-8)/(-20). Suppose 948 = 4*m + l. What is the units digit of m?
4
What is the tens digit of (-71665)/(-22)*798/(-70)*(-4)/6?
5
Suppose 3*w = -44*h + 47*h - 126687, -4*h + 168940 = 4*w. What is the ten thousands digit of h?
4
Suppose -4*v + 5*o - 89 = 26, -5*v = 4*o + 154. Suppose -m + 1 + 1 = 0. What is the tens digit of m/15 - (6026/v + -2)?
0
Let b(q) = 19232*q - 1425. What is the tens digit of b(2)?
3
Suppose 0 = 5*m - 4*t, 3*m + 2*t = -3 - 19. Let a(j) = -j**2 - 5*j + 1. Let y be a(m). Suppose 0*w - y*w = -595. What is the units digit of w?
9
Let w(c) be the third derivative of 19*c**5/15 + 3*c**4/8 + 7*c**3/6 + 76*c**2. What is the tens digit of w(4)?
5
Let l(f) = -f. Let y be ((-12)/8)/3*2. Let u(k) = 34*k - 5. Let b(m) = y*u(m) - 3*l(m). What is the tens digit of b(-5)?
6
Let b = 5377 - 1530. What is the hundreds digit of b?
8
Suppose 3*n = 3*r - 94473, -21*n + 17*n + 125988 = 4*r. What is the hundreds digit of r?
4
Let s = 41 - 190. Let l = 504 + s. What is the units digit of l?
5
Let f = 3069 + 206. What is the units digit of f?
5
Suppose 2*i = 2*z + 38894, 0 = i + z - 9177 - 10256. What is the units digit of i?
0
Let g(j) = -215 - 1408*j - 101 + 1572*j. What is the tens digit of g(6)?
6
Let y(u) = -7*u**2 - 8*u - 760. Let r(l) = 8*l**2 + 9*l + 759. Let x(v) = -5*r(v) - 6*y(v). What is the tens digit of x(0)?
6
Suppose -2*l + 3*l = 22. Suppose 2*d - 190 + l = 0. Suppose v - 3*h - h - d = 0, -4*h = 12. What is the units digit of v?
2
Suppose -3*l = -2*n - 4*l, -2*n = 3*l. Suppose n*a - 3350 = -5*f + 5*a, 2*f = -a + 1346. What is the units digit of f?
2
Let s = -150 - -270. Suppose 0 = 2*r - s + 124. What is the tens digit of 3/12 + r + (-177)/(-12)?
1
Let h = -16 - -21. Suppose -2*w = -0*w + x - h, -2*x = w - 4. What is the tens digit of ((-6850)/(-100))/((3/w)/3)?
3
Suppose 0 = -15*z + 13*z + 58. Let x = z - 27. Suppose x*v + 3*v = 40. What is the units digit of v?
8
Suppose -2*t - 3*h = -13, -5*t - 3*h = -2*t - 18. Suppose 0 = 3*d - 17 + t. Suppose d*a - 258 = -3*s, 4*s - 177 = 2*s - a. What is the tens digit of s?
9
Suppose -45*c + 643869 = -161901. What is the thousands digit of c?
7
Let d(j) = -j**3 + 4*j**2 - j - 2. Let b be d(3). Suppose 1204 = 2*p + 29*h - 32*h, 4*p - b*h = 2412. What is the tens digit of p?
0
Suppose 0*j + 4*j - 240 = 0. Let o = -55 + j. Suppose 2*y - 386 = -5*d - 2*y, 3*y = o*d - 393. What is the tens digit of d?
7
Suppose 63210 = 3166*x - 3151*x. What is the tens digit of x?
1
Let b = 11363 + -4572. What is the units digit of b?
1
Let j(g) = -3*g**2 + 17*g - 28. Let w be j(4). Let x(r) = -68*r - 33. What is the units digit of x(w)?
1
Let g be (69*5)/((-51)/(-34)). Suppose -17*n = -5771 - g. What is the tens digit of n?
5
Suppose -11*g - 5*g + 40986 = 2*g. What is the units digit of g?
7
Suppose -10*x + 37*x = -33*x + 162420. What is the hundreds digit of x?
7
Let x = 43640 - 25838. What is the hundreds digit of x?
8
Let z = -52 - -275. Let i = 544 - z. What is the hundreds digit of i?
3
Let g = -36 + 38. Suppose -4*p = 4*y + 12, -p - g*y = 2*p + 5. What is the units digit of p*(-67 + 0)*-1?
7
Let b = 653 - 261. Suppose w - b = 259. What is the units digit of w?
1
Let l(u) = -u**2 + 91*u + 573. Let w be l(-6). Let a(x) = 5*x - 2. Let p(r) = 11*r - 3. Let m(n) = 11*a(n) - 6*p(n). What is the units digit of m(w)?
5
Let k = -87 - -125. Let b(d) = -14*d + 1. Let a be b(-2). Suppose 0 = -27*f + a*f - k. What is the tens digit of f?
1
Suppose p = 5*v + 6*p - 95, 4*p + 20 = 2*v. What is the units digit of -3*1304/v*-2?
9
Let t = -11729 + 33124. What is the ten thousands digit of t?
2
Let l(d) be the second derivative of d**4/12 + 2*d**3/3 - d**2 + 24*d. Let b be l(5). Let g = -23 + b. What is the tens digit of g?
2
Let p(d) = -d**2 - 24*d - 98. Let i be p(-23). What is the units digit of (-5288)/(-6)*i/(-50)?
2
Suppose -101661 = 31*i - 510396. What is the units digit of i?
5
Suppose 192 = 5*b - 4*x, 0*x = 2*b - 3*x - 81. Let m(s) = -30*s + s - 6*s - b*s + 8. What is the hundreds digit of m(-2)?
1
Let l be 52/182 + (-26)/(-7). What is the hundreds digit of -4 + l + 4 - -460?
4
Let a(l) = -3*l**3 - 147*l**2 - 161*l - 62. What is the units digit of a(-49)?
7
Let w(t) = -1470*t - 1659. What is the tens digit of w(-2)?
8
What is the thousands digit of 0/(-2) - (-49496)/69*9?
6
Let w be 72/16*4/36*34. Suppose -26*y = -w*y - 5598. What is the tens digit of y?
2
Let a(x) = 929*x + 4065. What is the units digit of a(3)?
2
Suppose -26*z + 16*z = -72280. What is the units digit of z?
8
Let d = 106170 - 73936. What is the ten thousands digit